re the prime factors of 5993314?
2, 29, 103333
List the prime factors of 7903.
7, 1129
What are the prime factors of 6841518?
2, 3, 1140253
What are the prime factors of 5791502?
2, 191, 15161
What are the prime factors of 6468592?
2, 13, 137, 227
What are the prime factors of 38247?
3, 11, 19, 61
List the prime factors of 14823143.
967, 15329
What are the prime factors of 123123?
3, 7, 11, 13, 41
What are the prime factors of 15516544?
2, 241, 503
What are the prime factors of 11371013?
433, 26261
List the prime factors of 1518180.
2, 3, 5, 25303
List the prime factors of 2209222.
2, 281, 3931
List the prime factors of 178002.
2, 3, 11, 29, 31
What are the prime factors of 2021396?
2, 13, 38873
List the prime factors of 1009946.
2, 7, 72139
List the prime factors of 6708772.
2, 7, 31, 59, 131
List the prime factors of 910251.
3, 33713
List the prime factors of 641853.
3, 71317
List the prime factors of 277927.
13, 21379
What are the prime factors of 1892020?
2, 5, 13, 19, 383
What are the prime factors of 224831?
224831
List the prime factors of 27145588.
2, 139, 48823
What are the prime factors of 2762298?
2, 3, 7, 11, 1993
What are the prime factors of 610777?
41, 14897
What are the prime factors of 607756?
2, 151939
What are the prime factors of 1987374?
2, 3, 43, 7703
List the prime factors of 693492.
2, 3, 57791
What are the prime factors of 232365?
3, 5, 7, 2213
List the prime factors of 2533186.
2, 1266593
What are the prime factors of 1721538?
2, 3, 7, 13, 1051
List the prime factors of 2247498.
2, 3, 11, 11351
What are the prime factors of 631445?
5, 47, 2687
What are the prime factors of 1138910?
2, 5, 113891
List the prime factors of 84945.
3, 5, 7, 809
What are the prime factors of 821933?
7, 17, 6907
What are the prime factors of 756545?
5, 83, 1823
What are the prime factors of 466658?
2, 233329
List the prime factors of 2900583.
3, 7, 103, 149
List the prime factors of 189862.
2, 59, 1609
List the prime factors of 19395524.
2, 4848881
List the prime factors of 1795472.
2, 7, 17, 23, 41
List the prime factors of 174199.
17, 10247
List the prime factors of 192277.
47, 4091
What are the prime factors of 10944571?
11, 29, 3119
List the prime factors of 189938.
2, 7, 13567
What are the prime factors of 342439?
443, 773
What are the prime factors of 158880?
2, 3, 5, 331
What are the prime factors of 27007480?
2, 5, 675187
What are the prime factors of 147169?
11, 17, 787
List the prime factors of 968434.
2, 439, 1103
List the prime factors of 18311229.
3, 2034581
List the prime factors of 272340.
2, 3, 5, 17, 89
List the prime factors of 121869.
3, 11, 1231
List the prime factors of 516276.
2, 3, 14341
List the prime factors of 384132.
2, 3, 7, 17, 269
List the prime factors of 2143748.
2, 535937
List the prime factors of 2911666.
2, 1455833
List the prime factors of 8861600.
2, 5, 11, 19, 53
What are the prime factors of 114093?
3, 7, 1811
List the prime factors of 67572.
2, 3, 1877
What are the prime factors of 1589132?
2, 397283
What are the prime factors of 1214335?
5, 242867
List the prime factors of 561650.
2, 5, 47, 239
List the prime factors of 11745363.
3, 7, 19, 29437
What are the prime factors of 486462?
2, 3, 81077
What are the prime factors of 164308?
2, 41077
What are the prime factors of 1881121?
11, 41, 43, 97
What are the prime factors of 2064791?
83, 24877
What are the prime factors of 196140?
2, 3, 5, 7, 467
List the prime factors of 4111331.
7, 17, 34549
List the prime factors of 1673857.
1673857
List the prime factors of 177048.
2, 3, 2459
List the prime factors of 297755.
5, 17, 31, 113
What are the prime factors of 9644319?
3, 357197
What are the prime factors of 861297?
3, 287099
List the prime factors of 72981.
3, 17, 53
What are the prime factors of 181132?
2, 7, 6469
What are the prime factors of 4133388?
2, 3, 7, 49207
List the prime factors of 173559.
3, 57853
What are the prime factors of 4770700?
2, 5, 11, 4337
List the prime factors of 1158261.
3, 13, 17, 1747
What are the prime factors of 605367?
3, 7, 3203
List the prime factors of 6898536.
2, 3, 95813
What are the prime factors of 260887?
11, 37, 641
List the prime factors of 2328347.
7, 487, 683
List the prime factors of 271329.
3, 149, 607
What are the prime factors of 781745?
5, 17, 541
What are the prime factors of 173605?
5, 34721
List the prime factors of 1607295.
3, 5, 83, 1291
List the prime factors of 9077245.
5, 1815449
List the prime factors of 322979.
71, 4549
What are the prime factors of 4993718?
2, 41, 60899
List the prime factors of 7847871.
3, 2615957
List the prime factors of 3524715.
3, 5, 967
What are the prime factors of 74629?
37, 2017
List the prime factors of 25801.
25801
What are the prime factors of 224158?
2, 11, 23, 443
List the prime factors of 9755372.
2, 11, 221713
What are the prime factors of 753881?
691, 1091
List the prime factors of 14397038.
2, 1109, 6491
List the prime factors of 222107.
222107
What are the prime factors of 6084953?
7, 163, 5333
List the prime factors of 378927.
3, 71, 593
List the prime factors of 13412457.
3, 1490273
List the prime factors of 862350.
2, 3, 5, 5749
List the prime factors of 2132167.
29, 73523
List the prime factors of 1563466.
2, 781733
List the prime factors of 727857.
3, 13, 6221
What are the prime factors of 183934?
2, 91967
List the prime factors of 5393796.
2, 3, 19, 41, 577
What are the prime factors of 3121671?
3, 7, 43, 3457
List the prime factors of 343927.
17, 20231
List the prime factors of 7627975.
5, 305119
What are the prime factors of 215718?
2, 3, 157, 229
List the prime factors of 4565366.
2, 13, 1039
What are the prime factors of 59205?
3, 5, 3947
What are the prime factors of 1448428?
2, 362107
What are the prime factors of 397120?
2, 5, 17, 73
List the prime factors of 898682.
2, 641, 701
What are the prime factors of 119887?
101, 1187
List the prime factors of 2804118.
2, 3, 467353
List the prime factors of 43292231.
43292231
List the prime factors of 156872.
2, 19609
What are the prime factors of 7120458?
2, 3, 395581
What are the prime factors of 4582210?
2, 5, 73, 6277
List the prime factors of 103761.
3, 7, 61
List the prime factors of 13039141.
13039141
List the prime factors of 4851706.
2, 79, 30707
What are the prime factors of 547800?
2, 3, 5, 11, 83
List the prime factors of 24854.
2, 17, 43
List the prime factors of 481641.
3, 181, 887
List the prime factors of 194172.
2, 3, 11, 1471
List the prime factors of 2905545.
3, 5, 193703
List the prime factors of 17800999.
17800999
What are the prime factors of 18006317?
7, 67, 38393
List the prime factors of 30916295.
5, 59, 104801
List the prime factors of 156344.
2, 19543
What are the prime factors of 6153255?
3, 5, 136739
What are the prime factors of 2694785?
5, 53, 10169
What are the prime factors of 224818?
2, 11, 929
What are the prime factors of 421374?
2, 3, 70229
List the prime factors of 1260823.
103, 12241
List the prime factors of 453217.
453217
What are the prime factors of 10098222?
2, 3, 1683037
List the prime factors of 5729893.
13, 440761
What are the prime factors of 58340?
2, 5, 2917
What are the prime factors of 154730?
2, 5, 15473
List the prime factors of 1163345.
5, 232669
What are the prime factors of 5300255?
5, 1060051
List the prime factors of 191454.
2, 3, 17, 1877
List the prime factors of 5098600.
2, 5, 13, 37, 53
What are the prime factors of 7267694?
2, 7, 519121
List the prime factors of 100409.
31, 41, 79
List the prime factors of 1073091.
3, 17, 53, 397
List the prime factors of 494533.
13, 109, 349
What are the prime factors of 2302774?
2, 29, 39703
List the prime factors of 1671793.
103, 16231
List the prime factors of 417946.
2, 67, 3119
List the prime factors of 374854.
2, 23, 29, 281
What are the prime factors of 7488084?
2, 3, 624007
List the prime factors of 185476.
2, 89, 521
List the prime factors of 42443.
42443
What are the prime factors of 261704?
2, 32713
List the prime factors of 1588743.
3, 13, 37, 367
What are the prime factors of 8742395?
5, 1748479
List the prime factors of 5300249.
643, 8243
List the prime factors of 35615.
5, 17, 419
What are the prime factors of 4098828?
2, 3, 341569
List the prime factors of 3385.
5, 677
What are the prime f